e the prime factors of r?
2, 5, 11
Suppose -4*c + 16*k + 64800 = 0, -176*c = -180*c + 4*k + 64824. List the prime factors of c.
2, 1013
Let t(k) = -33*k + 76. Let i be t(-10). Suppose i*g - 401*g = 1950. What are the prime factors of g?
2, 3, 5, 13
Let y = -148 + -221. Let n = y - -861. List the prime factors of n.
2, 3, 41
Let f(y) = 23018*y**2 - 49*y - 47. List the prime factors of f(-1).
2, 5, 1151
Suppose -2*a = -513*q + 510*q + 57117, 0 = 3*a + 18. List the prime factors of q.
3, 5, 47
Let n be 4/(-6) + 280/6. Suppose 2*l - 16 = n. Suppose 411 = 4*a + l. What are the prime factors of a?
5, 19
Suppose 5*a = 12878 - 2783. List the prime factors of a.
3, 673
Suppose 2572 = 265*p - 264*p. What are the prime factors of p?
2, 643
Let z be (-3)/4 - ((-923)/(-4))/(-13). Suppose 0 = -16*r + z*r - 219. Suppose -309 = -4*x + 2*c - 3*c, -3*x - 5*c = -r. List the prime factors of x.
2, 3, 13
Suppose -3783 - 1257 = -6*k. Suppose -5*o - 5*v = -k, -5*v + 198 = 2*o - 126. Suppose n = -2*r + o, 2*r - 7*r + 5*n = -415. What are the prime factors of r?
5, 17
Let h = -30 - -32. Let r(j) = -j**3 + j**2 + 4*j - 3. Let c be r(h). What are the prime factors of -196*(-1)/2*c?
2, 7
Let s = 201 + -156. List the prime factors of s/75 + 2874/10.
2, 3
Let u(l) = -3*l - 68. Let n(c) = 2*c + 34. Let t(z) = -5*n(z) - 3*u(z). Let w be t(14). List the prime factors of 243 - (0 + w/4).
2, 7, 17
Let b = -398 - -1132. Suppose 3*v - 1249 = b. Suppose 7*n = 802 + v. What are the prime factors of n?
11, 19
Let p(z) = -86*z - 24. Let o be p(-8). Suppose 0 = -15*q + 13*q - 4*f + o, q - 339 = 5*f. List the prime factors of q.
2, 167
Suppose 5*b = 3*b + 2*d + 114, -b = -2*d - 54. Let a(h) = -8*h**2 - 5*h - 13. Let p be a(-5). List the prime factors of (-8)/(p/b + 3).
2, 3, 5
Suppose -11*f = -10*f - 105. Let y = f - 46. Let n = y + -29. List the prime factors of n.
2, 3, 5
Let v(p) = p - 3. Let z be v(6). Suppose 2*b - 800 = -z*b. Suppose 2*a - b = -32. List the prime factors of a.
2
Suppose 3*f = -30*w + 28*w + 34494, -w - 5*f + 17233 = 0. List the prime factors of w.
3, 71
Let i = -140 - -136. List the prime factors of 2450/((-20)/i) - -1 - 1.
2, 5, 7
Let v(b) = -2*b**2 - 22*b - 24. Let q be v(-9). Suppose i = -q*i + 2860. List the prime factors of i.
2, 5, 11
Let y(i) = 36 - 8*i - 72 + 35. Let l be y(-1). Suppose -l*m + 88 = -52. What are the prime factors of m?
2, 5
Suppose 4*j = n + 107, 11 = 3*j - 2*j + 5*n. Suppose -1244 = -o - j. List the prime factors of o.
2, 3, 7, 29
Let u = 2958 - -4161. List the prime factors of u.
3, 7, 113
Suppose 2*l = 3*n + 19130 + 5582, -2*n = 2*l - 24742. List the prime factors of l.
5, 2473
Suppose b - 2*l = -4*l + 377, 372 = b - 3*l. List the prime factors of (1/(-4) - b/(-12)) + 4.
5, 7
Let a be ((-3)/15 - 6603/(-15)) + -2. Let s = a + -207. List the prime factors of s.
3, 7, 11
Let m(z) = -25*z**2 + z + 1. Let n be m(1). Let o = n - -75. List the prime factors of o.
2, 13
Suppose -11*f + 8211 = -34*f. List the prime factors of (1389/2)/(-12 - f/28).
2, 463
Suppose -p = 3*u + 275, -4*p - 1066 = 3*u - 2. Let l = 949 + p. List the prime factors of l.
2, 7
Let a be ((-8)/6)/(((-100)/(-15))/(-10)). Let c(t) = 34*t**3 - 2*t**2 + 3*t + 3. List the prime factors of c(a).
3, 7, 13
Suppose 339*m - 344*m = 395. List the prime factors of 6*8/16 - (m + -3).
5, 17
Suppose 2*w - 278 - 312 = 0. Let n = 1193 - w. What are the prime factors of n?
2, 449
Let x = -4242 - -13957. What are the prime factors of x?
5, 29, 67
Suppose 0 = -17*j + 6*j. Suppose 23*o - 2967 = -j*o. What are the prime factors of o?
3, 43
What are the prime factors of 1/(-6) - 37809875/(-750)?
11, 4583
Let k(w) = -w**2 - 5*w - 2. Let t be k(-4). Suppose -5*c = 4*j + 1542, -5*c + 74 - 1598 = -t*j. Let g = c - -572. List the prime factors of g.
2, 7, 19
Suppose 6*l - 5711 = 6559. Suppose 2*s - 827 = p, 2*s - l = -3*s - 5*p. What are the prime factors of s?
2, 103
Let v(j) = 1084*j**3 + 23*j**2 - 27*j - 7. Let g(q) = -271*q**3 - 6*q**2 + 7*q + 2. Let u(i) = 22*g(i) + 6*v(i). What are the prime factors of u(1)?
2, 271
Let a(g) = 21*g + 46. Let d be a(-16). Let o = -67 - d. Suppose -5*r = z - r - o, 2*r = -z + 223. List the prime factors of z.
223
Suppose y + 5*f - 10 = 0, 74 = 3*y + 2*f + 2*f. Let d = y + -25. Suppose -d*m = -183 - 267. What are the prime factors of m?
2, 3, 5
Let f be -8*5/(-10) - 0. Let a be 180/(-27)*(f + 2). List the prime factors of (a/12 - -5)*165.
5, 11
Let k(s) be the second derivative of 7*s**3/6 + 31*s**2/2 + 19*s. Let q be k(-5). What are the prime factors of (-2 + 0)/((q - 0)/16)?
2
Suppose 40 = -3*p + 25. List the prime factors of p*1685/(-50)*4.
2, 337
List the prime factors of (-1)/(-3) + (-382060)/(-60) + -23.
3, 5, 47
Let x(p) = 67*p**2 + 212*p - 283. List the prime factors of x(-32).
19, 41, 79
Let i be 59 + -27 + (0 - 4). Let u = -29 + i. List the prime factors of u/((-64)/20 + 3).
5
Let m = 4339 - 2974. Let x = -522 + m. List the prime factors of x.
3, 281
Suppose 3*k - 478 = -0*k - 2*t, -5*t - 622 = -4*k. Suppose -f - 2*x = -k, 3*x = -4*f + 648 - 31. What are the prime factors of f?
2, 19
Let c(x) be the second derivative of -x**5/20 + 23*x**4/12 + x**3/6 - 9*x**2 - 16*x. Let o be c(23). List the prime factors of (-6 + o)/((-2)/116).
2, 29
Let z(r) = r**2 - 4*r + 18. Suppose -4 = -2*y - 2, 5*y + 87 = -4*w. Let t be z(w). What are the prime factors of ((t/3)/(-3))/(3/(-3))?
71
Suppose 5104*f - 5108*f + 23632 = 3*m, 5*m + 5*f = 39375. List the prime factors of m.
2, 7, 281
Let k = -130 + 124. List the prime factors of 1/k - (-8524)/24.
5, 71
Let h = -17207 - -31332. What are the prime factors of h?
5, 113
Suppose 5*j + 10180 = 5*t, t + 4*j = 2933 - 882. List the prime factors of t.
2039
Let p(m) = 18*m**3 - 2*m**2 + m - 4. Suppose 43 = 9*i + 16. What are the prime factors of p(i)?
467
Suppose -665*g - 12310 = -675*g. What are the prime factors of g?
1231
Let n = 10668 + -3534. List the prime factors of n.
2, 3, 29, 41
Let d(t) = 48*t**3 + 8*t**2 - 24*t + 4. List the prime factors of d(2).
2, 3, 31
Let i = -46 + -18. Let o be (-32)/i + 717/(-2). Let b = o + 528. List the prime factors of b.
2, 5, 17
List the prime factors of (-1614548)/(-488)*(1 - -1).
13, 509
Suppose w + 2*w + 3*i - 2859 = 0, 3*w + 2*i = 2857. Let a = w - 371. What are the prime factors of a?
2, 5, 29
What are the prime factors of 524086/248 - (-3 - (-39)/12)?
2113
Let z(x) be the second derivative of -27/2*x**2 + 0 - x - 4/3*x**3. What are the prime factors of z(-14)?
5, 17
What are the prime factors of (-15*38/(-855))/(108104/54051 - 2)?
43, 419
Suppose -4*i + g + 49103 = -31458, 2*i + 4*g = 40276. What are the prime factors of i?
2, 5, 19, 53
Suppose -9 + 3 = -6*d. Let p = d - -6. Suppose 4*y - p*y + 352 = 2*r, 4*r = -2*y + 248. What are the prime factors of y?
2, 3, 19
Let l(n) = 29*n - 4. Let g be l(-6). Suppose -4*z - 10*z = 1249 + 2419. Let k = g - z. What are the prime factors of k?
2, 3, 7
Let i be 28 - -2*15/(-10). Let n be i/(2/(-44)*2). What are the prime factors of -2 - (-2)/((-10)/n)?
53
Let g(p) = -3*p**3 - 17*p**2 - 16*p - 68. Let b(d) = -7*d**3 - 35*d**2 - 30*d - 137. Let s(k) = 2*b(k) - 5*g(k). What are the prime factors of s(-10)?
2, 3, 61
List the prime factors of 5/(-40) + (-1)/(-4) + (-318835)/(-40).
3, 2657
Suppose 4*z - 2*j + 3*j - 12 = 0, 0 = -5*z + 5*j + 40. Suppose -v + v = -z*v. List the prime factors of ((-16)/4)/((-6)/99 - v).
2, 3, 11
Let v be (0 - 70/(-8))/(2/(-8)). Let l = v + 33. List the prime factors of (-2)/l*8/(8/79).
79
Suppose -g + 40 = -2*l - 5*g, -8 = 2*l - 4*g. What are the prime factors of (602 - l) + (-2 - -2)?
2, 307
Let g(o) = -o**2 - 10. Let r(f) = 3*f**2 + 19. Suppose 3*n + 25 = 5*c, -5*c - 10 = 2*n + 2*n. Let q(y) = c*r(y) + 5*g(y). What are the prime factors of q(-11)?
109
Suppose 20 = -3*j + 29. Suppose 0*c - v = -3*c + 839, -563 = -2*c - j*v. List the prime factors of c.
2, 5, 7
Let m be (-5 - (-6)/3) + 11. Suppose -7*f + 2235 = m*f. What are the prime factors of f?
149
Let x(t) = t**3 + 52*t**2 - 194*t + 214. List the prime factors of x(-26).
2, 7, 233
List the prime factors of (-7410)/(10 + -15) - 0.
2, 3, 13, 19
Suppose a = -5*i + 3313, 0 = a + i + 319 - 3616. What are the prime factors of a?
37, 89
Let p = -4991 - -9222. List the pri